t of 53891?
8
What is the ten thousands digit of 21885?
2
What is the hundreds digit of 133?
1
What is the hundreds digit of 137?
1
What is the hundreds digit of 9998?
9
What is the units digit of 2573?
3
What is the tens digit of 2633?
3
What is the tens digit of 7864?
6
What is the units digit of 9019?
9
What is the hundreds digit of 1493?
4
What is the tens digit of 6555?
5
What is the tens digit of 858?
5
What is the units digit of 181?
1
What is the units digit of 16?
6
What is the units digit of 2737?
7
What is the tens digit of 7982?
8
What is the units digit of 23686?
6
What is the hundreds digit of 4473?
4
What is the units digit of 3357?
7
What is the hundreds digit of 1067?
0
What is the units digit of 6180?
0
What is the units digit of 9210?
0
What is the units digit of 961?
1
What is the thousands digit of 1615?
1
What is the units digit of 21705?
5
What is the thousands digit of 58356?
8
What is the thousands digit of 2148?
2
What is the hundreds digit of 56595?
5
What is the units digit of 388?
8
What is the units digit of 20272?
2
What is the hundreds digit of 8078?
0
What is the hundreds digit of 4365?
3
What is the ten thousands digit of 13564?
1
What is the units digit of 4507?
7
What is the ten thousands digit of 31150?
3
What is the ten thousands digit of 13793?
1
What is the tens digit of 103839?
3
What is the hundreds digit of 137528?
5
What is the units digit of 46553?
3
What is the thousands digit of 2055?
2
What is the tens digit of 33830?
3
What is the hundreds digit of 52420?
4
What is the tens digit of 2035?
3
What is the tens digit of 59695?
9
What is the units digit of 1146?
6
What is the tens digit of 104577?
7
What is the hundreds digit of 4972?
9
What is the units digit of 35885?
5
What is the tens digit of 14702?
0
What is the ten thousands digit of 17906?
1
What is the units digit of 1985?
5
What is the tens digit of 24449?
4
What is the hundreds digit of 449?
4
What is the tens digit of 7214?
1
What is the thousands digit of 4933?
4
What is the tens digit of 47160?
6
What is the tens digit of 1025?
2
What is the thousands digit of 26635?
6
What is the hundreds digit of 133?
1
What is the hundreds digit of 1543?
5
What is the tens digit of 467?
6
What is the units digit of 69570?
0
What is the hundreds digit of 2690?
6
What is the thousands digit of 38825?
8
What is the tens digit of 15361?
6
What is the tens digit of 6431?
3
What is the thousands digit of 10916?
0
What is the units digit of 47167?
7
What is the tens digit of 25288?
8
What is the tens digit of 3239?
3
What is the tens digit of 3455?
5
What is the tens digit of 182?
8
What is the thousands digit of 13459?
3
What is the hundreds digit of 30382?
3
What is the hundreds digit of 876?
8
What is the tens digit of 81394?
9
What is the tens digit of 1364?
6
What is the ten thousands digit of 26236?
2
What is the hundreds digit of 274?
2
What is the units digit of 681?
1
What is the tens digit of 2924?
2
What is the thousands digit of 2006?
2
What is the thousands digit of 2305?
2
What is the tens digit of 1700?
0
What is the hundreds digit of 15849?
8
What is the units digit of 7620?
0
What is the hundreds digit of 1100?
1
What is the units digit of 1428?
8
What is the tens digit of 613?
1
What is the units digit of 1353?
3
What is the tens digit of 34895?
9
What is the hundreds digit of 2189?
1
What is the hundreds digit of 62962?
9
What is the ten thousands digit of 16636?
1
What is the units digit of 580?
0
What is the units digit of 1198?
8
What is the units digit of 134343?
3
What is the tens digit of 16369?
6
What is the hundred thousands digit of 142467?
1
What is the thousands digit of 19145?
9
What is the units digit of 1588?
8
What is the ten thousands digit of 77815?
7
What is the units digit of 1503?
3
What is the tens digit of 713?
1
What is the units digit of 327?
7
What is the units digit of 19567?
7
What is the ten thousands digit of 12589?
1
What is the thousands digit of 5042?
5
What is the units digit of 903?
3
What is the thousands digit of 97496?
7
What is the ten thousands digit of 10114?
1
What is the units digit of 1551?
1
What is the ten thousands digit of 20307?
2
What is the thousands digit of 3743?
3
What is the tens digit of 872?
7
What is the ten thousands digit of 103071?
0
What is the hundreds digit of 26408?
4
What is the units digit of 3580?
0
What is the units digit of 117?
7
What is the hundreds digit of 1050?
0
What is the hundreds digit of 2737?
7
What is the thousands digit of 25402?
5
What is the units digit of 23716?
6
What is the units digit of 3869?
9
What is the ten thousands digit of 73684?
7
What is the ten thousands digit of 17663?
1
What is the hundreds digit of 2414?
4
What is the thousands digit of 1187?
1
What is the tens digit of 1087?
8
What is the units digit of 19719?
9
What is the hundreds digit of 24181?
1
What is the tens digit of 2076?
7
What is the thousands digit of 117682?
7
What is the hundreds digit of 11252?
2
What is the hundreds digit of 1960?
9
What is the tens digit of 2552?
5
What is the units digit of 1825?
5
What is the ten thousands digit of 14252?
1
What is the units digit of 5295?
5
What is the units digit of 1130?
0
What is the units digit of 173?
3
What is the units digit of 33363?
3
What is the hundreds digit of 10667?
6
What is the units digit of 5892?
2
What is the thousands digit of 2059?
2
What is the tens digit of 16559?
5
What is the tens digit of 5771?
7
What is the thousands digit of 48143?
8
What is the ten thousands digit of 96009?
9
What is the hundreds digit of 2110?
1
What is the tens digit of 4895?
9
What is the units digit of 4372?
2
What is the hundreds digit of 4825?
8
What is the tens digit of 641?
4
What is the thousands digit of 5395?
5
What is the thousands digit of 45229?
5
What is the units digit of 1244?
4
What is the tens digit of 4490?
9
What is the thousands digit of 19779?
9
What is the units digit of 45783?
3
What is the tens digit of 96520?
2
What is the thousands digit of 3024?
3
What is the tens digit of 129?
2
What is the hundreds digit of 45554?
5
What is the hundreds digit of 218?
2
What is the units digit of 3041?
1
What is the thousands digit of 42312?
2
What is the tens digit of 651?
5
What is the hundred thousands digit of 159495?
1
What is the tens digit of 5033?
3
What is the units digit of 639?
9
What is the units digit of 2938?
8
What is the tens digit of 49?
4
What is the ten thousands digit of 27740?
2
What is the tens digit of 541?
4
What is the units digit of 76710?
0
What is the hundreds digit of 1448?
4
What is the hundreds digit of 2361?
3
What is the thousands digit of 35736?
5
What is the tens digit of 605?
0
What is the thousands digit of 8528?
8
What is the units digit of 3341?
1
What is the tens digit of 109966?
6
What is the hundreds digit of 2905?
9
What is the thousands digit of 24907?
4
What is the units digit of 781?
1
What is the units digit of 5363?
3
What is the tens digit of 12067?
6
What is the hundreds digit of 64317?
3
What is the units digit of 473?
3
What is the hundreds digit of 755?
7
What is the thousands digit of 1187?
1
What is the hundreds digit of 488?
4
What is the hundreds digit of 2635?
6
What is the tens digit of 595?
9
What is the units digit of 465?
5
What is the tens digit of 589?
8
What is the thousands digit of 66654?
6
What is the thousands digit of 10149?
0
What is the tens digit of 5099?
9
What is the hundreds digit of 44089?
0
What is the ten thousands digit of 43431?
4
What is the units digit of 4160?
0
What is the hundreds digit of 2941?
9
What is the hundreds digit of 12573?
5
What is the units digit of 118?
8
What is the units digit of 44156?
6
What is the thousands digit of 4696?
4
What is the units digit of 4362?
2
What is the tens digit of 2906?
0
What is the tens digit of 171?
7
What is the units digit of 1851?
1
What is the units digit of 2372?
2
What is the hundreds digit of 1377?
3
What is the units digit of 28?
8
What is the tens digit of 392?
9
What is the units digit of 4255?
5
What is the units digit of 27829?
9
What is the tens digit of 5435?
3
What is the thousands digit of 2774?
2
What is the thousands digit of 7232?
7
What is the units digit of 3?
3
What is the t